(-7 - -15) + -7.
1
What is 2 - (-4 + 8 + (1 - 0))?
-3
What is -2 + (-4 - -9) + (0 - 1)?
2
What is 1 + (-1 - -3 - 8)?
-5
(-5 - -15) + -9 + -2
-1
What is (-2 - -5) + -8 + 2?
-3
-9 + (3 - -10) - (1 + -7)
10
What is 5 + -4 + 5 - 4 - -3?
5
Evaluate (5 - -1) + -7 + 2.
1
(2 + -2 - -1) + (-4 - -6)
3
What is -4 + 2 + (10 - 11)?
-3
Calculate 0 + -8 + 4 + -1.
-5
-5 + (-5 - (-15 - -5))
0
Calculate 2 + -9 - (38 - 55).
10
Evaluate -1 - (-2 - (0 + -3)).
-2
What is (19 - (-11 - -19)) + -10?
1
Calculate 0 - (8 + -7 - (1 - -1)).
1
(6 - 0) + 2 + -4 - 1
3
What is (-5 + 0 - -3) + 3?
1
Evaluate 0 + (-1 + -2 + -2 - -3).
-2
Calculate 1 + -5 + 1 + 4.
1
Calculate (-1 - 1) + -32 + 30 - -6.
2
Evaluate 15 + -8 - 8 - (-1 - 1).
1
Calculate -4 - 4 - (-1 + 1 + -3).
-5
What is the value of (0 - (24 - 4 - 7)) + 6?
-7
-4 - (4 + -11) - 2 - 3
-2
What is the value of (-5 - -2) + -2 - -3?
-2
0 + (2 - 3 - (0 - -2))
-3
What is 5 + (0 - -5) + -7 + -1?
2
What is -3 + (-4 - (1 - 5))?
-3
What is -3 + 3 - (3 + 3)?
-6
What is the value of -6 - (-2 + 4 + -17 + 11)?
-2
What is -14 + (-3 - -2 - -8) + 4?
-3
What is (1 + -2 - 1) + -2?
-4
Evaluate 2 + 0 + 2 - 4.
0
10 - ((-11 - -6) + 14)
1
What is -3 + -5 + -8 + 10?
-6
What is the value of -4 + (-4 - -2 - -9)?
3
What is the value of (-6 - 0) + (4 - 1 - -2)?
-1
What is the value of 1 + (6 - 3) + -2?
2
What is the value of 11 - (8 + -6 - -12)?
-3
What is -4 - (0 - 0 - (5 - 3))?
-2
What is the value of -102 + 99 + 1 + -2 + -4?
-8
Evaluate (4 - 4) + (-3 - 0) - 2.
-5
-42 + 34 + 1 + 5
-2
-6 + 1 + (27 - 18)
4
Calculate (-2 - -4) + -2 - 3.
-3
What is the value of (23 - 18) + -3 + 1?
3
What is 0 - (3 - 6) - 8 - -2?
-3
What is the value of -7 + -4 + 5 - (1 + -5)?
-2
Calculate -3 - ((2 - 3) + -7 + 5).
0
What is 6 + (-4 + 3 + -1 - 9)?
-5
Evaluate (-6 + 15 - 6) + -3.
0
-2 + -8 + -1 - -7
-4
Calculate -2 - (0 + -6 - 4).
8
What is 4 - 2 - (1 + -2)?
3
What is 1 + -2 + 5 + (4 - 8)?
0
1 + -6 + -3 + (0 - -3)
-5
What is the value of -12 + (-8 - -3 - -4) + 7?
-6
Evaluate 0 + 7 + -2 + 8 + -10.
3
Evaluate 3 + -1 - (-1 + 7).
-4
Calculate (2 + 2 - (20 + -22)) + -1.
5
Evaluate (0 - ((-6 - -2) + 8)) + 8.
4
What is (-2 - -6) + -5 - -5?
4
Evaluate 17 - 1 - 4 - 6.
6
Calculate 4 - (16 - 4) - -4.
-4
What is the value of 0 + -11 + 16 + -8?
-3
What is -5 + 17 + -6 - 5?
1
What is the value of 5 + (-3 - (-3 - -14)) + 4?
-5
-4 + -3 + 2 + 3
-2
What is -8 - (7 + -18 - 4)?
7
2 + (0 + 1 - (0 + 1))
2
Evaluate 64 - 56 - (-1 - -3).
6
(6 - -4) + -4 + -3
3
Evaluate 13 - (-6 - 1 - -14).
6
-3 + 2 + (1 - -2) + -1
1
Calculate 2 - (-7 + 4 + 3).
2
Evaluate -2 - (-10 - -4 - -3) - 5.
-4
Evaluate (2 - 1) + (-14 - -17).
4
Calculate -5 + -6 - -4 - -13.
6
-4 - -9 - 7 - 4
-6
Calculate -7 + -6 + (12 - 0).
-1
What is the value of 2 + (3 + -3 - 2) + 2?
2
(3 - (-4 + (-4 - -10))) + -5
-4
Evaluate 6 + 6 + -7 + 3.
8
2 + (7 - -2) + -13
-2
What is -3 - -2 - (-3 - -1) - 1?
0
What is the value of (-1 + -2 - -5) + -5?
-3
(-6 - (3 + -4)) + -13 + 21
3
What is the value of (-5 + -2 - 1) + 2?
-6
Evaluate -3 + 2 - (10 + -10).
-1
What is the value of -22 + 17 - (-5 + -1) - 0?
1
7 - (8 - 3) - 8
-6
What is the value of (3 - -1) + 0 + -1?
3
1 + 2 + (-9 - 0) + 3
-3
Evaluate -1 + 8 + -7 - 2.
-2
What is the value of 7 + (4 - 3 - 5)?
3
Evaluate 4 - (4 - (5 - 2)).
3
Evaluate -3 - (3 + -4) - 2.
-4
What is the value of 0 - (-15 + 7 - (5 - 6))?
7
What is the value of -2 - -5 - (-10 - -8)?
5
Calculate -11 + 14 - (0 - 0).
3
Calculate -3 + 3 + -5 + 1 + -4.
-8
Evaluate (1 - -4 - 0) + 0.
5
Calculate (7 - 5) + 3 + -2.
3
Calculate -3 + -8 + 10 + (-3 - 1).
-5
What is (-1 - (1 + 1)) + -46 + 40?
-9
(-36 - -7) + 11 + 11
-7
Calculate 2 + 0 - 2 - -5.
5
Evaluate 9 - 4 - (-3 - -3).
5
0 + (3 - (6 - 3) - 0)
0
Evaluate (5 - -5) + (-12 - 6).
-8
Evaluate -9 + (3 - 2 - (4 + -8)).
-4
What is -23 + 21 + (-5 - -2 - 0)?
-5
7 - (5 - -3) - (3 + -3)
-1
Evaluate -9 + -15 + 19 - (2 - 0).
-7
Calculate 4 - ((-4 - -1) + 1 - -4).
2
Calculate -16 + (8 - (-3 + 2)).
-7
Calculate 0 + -5 - (5 + (-9 - -3)).
-4
What is -6 + -3 + (-5 - -12)?
-2
Calculate (-15 - -26) + (1 - 6).
6
What is the value of -15 - -5 - -5 - -6?
1
-2 + 7 + (-1 - 3) + 3
4
What is 1 + ((0 - -4) + -5 - -10)?
10
What is (-4 - -2 - -8) + -4 + -1?
1
Evaluate -3 + 6 + -4 + 1 + -3.
-3
What is -89 + 85 + (1 - (0 - -4))?
-7
What is (-5 - 4 - -2) + 5 - 1?
-3
What is the value of 10 - (13 - 0) - (1 + 0)?
-4
What is (18 - (1 + 4)) + -4 - 1?
8
Calculate -5 + 16 + (-13 - -6).
4
What is the value of 3 - (1 + -1) - (-4 - -2)?
5
Evaluate 2 - -2 - (-12 - -25 - 12).
3
What is 1 + (-3 - (0 - (-5 - -3)))?
-4
Calculate 5 + -3 + 2 + 7 + -8.
3
What is the value of -4 - (-2 + -5 + 5 - -2)?
-4
-3 + 1 - (38 - 43)
3
What is the value of -30 + 25 - (-6 - 1) - 7?
-5
Calculate -41 + 40 + -5 + 1.
-5
What is the value of (12 - (11 + 9)) + 1?
-7
Calculate 5 + (-2 - -9) + -8.
4
What is 7 + (-7 - -2) + (-1 - 2)?
-1
What is the value of -3 + (-3 - (6 + -6)) + 13?
7
What is the value of 1 + (-12 - (-10 + 5))?
-6
Evaluate (1 - (1 + 0)) + (0 - 5).
-5
(-1 - 2) + 1 + 0 + 3
1
Calculate 9 + -9 + 4 - 5.
-1
Calculate -5 - -2 - (-11 + 3).
5
(-5 - -7) + -3 - -2
1
-4 + 2 - (-2 - 5)
5
Calculate -8 - 0 - (-62 + 55).
-1
What is (2 + -1 - -10) + -12?
-1
Calculate (5 - -1) + 0 + -1.
5
Calculate -9 + 2 - -9 - (0 + -1).
3
Calculate 1 + 3 + (-4 - (-5 + 5)).
0
(-12 - -10) + 5 - (0 + -1)
4
Evaluate 2 + -17 + (3 - -1) - -6.
-5
What is the value of (-2 - (-1 + -3)) + 0?
2
What is the value of -5 + -2 + 4 + 7?
4
What is 3 + 1 + 1 + -4?
1
Evaluate 7 + (1 - -1 - 13).
-4
(4 - (6 + 3)) + (1 - -3)
-1
What is the value of (2 + 2 - (2 + 4)) + 3?
1
Evaluate -4 + (-2 - (-12 - -15)).
-9
What is (8 - (21 - -2)) + 8?
-7
Evaluate 5 + -2 + 5 + -4 + 2.
6
-5 + 4 - -1 - 10
-10
What is the value of 5 - ((6 - (-1 + -1)) + -2)?
-1
Calculate -14 + 18 - 8 - (1 + -1).
-4
What is -3 - (3 + (0 - (-1 + 3)))?
-4
What is -4 + -11 + 8 + 12 + 1?
6
What is -3 + (7 + -4 - -2)?
2
What is 15 + -10 + (-1 + 4 - 14)?
-6
Calculate 5 - (-3 + 4 - -3 - 2).
3
-1 - (-2 + 2 + 7)
-8
Calculate -3 - (-4 + -5 + 10).
-4
What is -3 + (3 + 2 - 0)?
2
Evaluate (10 - 6 - -7) + -6.
5
What is -7 - 0 - -14 - 8?
-1
What is the value of (-1 - -6) + -1 + 1?
5
Evaluate 4 + 3 + (9 - 11).
5
What is the value of 7 + 9 + -18 + 10?
8
4 + (-4 - -2) - 4
-2
What is -1 - -5 - (-1 - -2 - -4)?
-1
What is (3 - 0 - (3 + 0)) + 4?
4
What is the value of 1 + 0 + 2 + 6 + -4?
5
What is the value of (0 - 1) + (1 - 6)?
-6
What is 11 + (-4 - -3) + 0 + -5?
5
Calculate (2 - -2) + -8 + 4.
0
Calculate (-5 - -1) + 4 - -7.
7
3 + (-3 - (-1 - (0 + 3)))
4
What is -1 + 8 + 4 + -12?
-1
What is the value of -8 + (6 - (1 + 2 + 0))?
-5
Calculate -2 - -8 - (8 - (5 - 0)).
3
Calculate (-12 - -7) + 8 - (4 + -1).
0
Evaluate -13 + 4 + 9 + -5 + -1.
-6
Evaluate 7 + 8 - 8 - 6.
1
(-1 - -8) + (3 - -2) + -8
4
(-3 - -6) + 2 + (-9 - -1)
-3
Calculate 6 - (5 - (2 + 1)).
4
-15 + 5 + 16 - (3 + -1)
4
What is 8 - ((5 - -5) + -6)?
4
Calculate -4 + 0 - (6 + -6 - 8).
4
What is the value of -4 + (-4 - (3 - (15 - 4)))?
0
0 + 1 + 3 + -58 + 55
1
Calculate -2 + (1 - -2) - 4 - 2.
-5
What is 2 + (-12 - -15) + 5?
10
1 - 4 - (3 - (15 + -7))
2
(10 - (5 - 1)) + -5
1
What is 0 - (-2 + -1) - (1 + 9)?
-7
Calculate -7 + 4 - 1 - (-2 + 1).
-3
What is the value of (5 - 2) + (20 - 24 - -8)?
7
Calculate -9 - (6 + -8 + -13).
6
-3 + -2 + -3 + 5
-3
What is -1 + 9 + (7 - (3 + 19))?
-7
Evaluate -1 - ((-14 - -9) + (4 - 4)).
4
-1 - (2 + -1 + -8)
6
What is the value of 0 + -12 + 1 + 3?
-8
19 + -1 + -95 + 88 - 4
7
What is the value of 0 + -5 + -8 + 10?
-3
-8 + (-7 - -10) + 6
1
What is 2 + -1 + (4 + 3 - 7)?
1
Calculate 2 + (-3 - 0) + (20 - 10).
9
Calculate -2 - 1 - (-7 + 4).
0
What is the value of -3 + 6 + -3 + 4 - 3?
1
-4 + (-1 + 0 - (-16 + 9))
2
Evaluate -5 + (0 - 3 - (12 - 17)).
-3
What is the value of (3 - (4 + (-2 - 1))) + 2?
4
What is the value of (-7 - -4) + -3 + 1?
-5
Calculate -5 + -1 + (7 + -2 - 4).
-5
What is -3 + (2 - 9) + 3?
-7
What is the value of 5 + 10 + -8 + 0 + -18?
-11
Evaluate 0 + 7 - (3 + 0).
4
-4 + (-11 - -3) + 14
2
What is the value of (-1 - (-8 + 8)) + -5?
-6
Calculate -1 - (-4 + 4) - (2 + -1).
-2
Evaluate (-6 - -9) + 0 + -9.
-6
0 - ((-13 - -10) + 1 + 5)
-3
Calculate 3 + -2 + 0 + (2 - -1).
4
What is 18 + -10 + -12 + 3 + 1?
0
Evaluate 18 + -1 - (-94 - -104).
7
What is the value of 1